-m + 2160. What is the highest common divisor of 14 and m?
7
Let y(o) = -6*o**2 + 1069*o**3 + 7*o + 1068*o**3 - 3 - 2136*o**3. Let n be y(5). What is the greatest common divisor of n and 28?
7
Let z be 1283 + (5 - (4 + 0)). Suppose -5*q = 5*y + 409 - z, 0 = -2*q + 10. Calculate the greatest common factor of y and 20.
10
Let s be (146 + -153)*(1 + -2). Calculate the greatest common divisor of s and 1253.
7
Let w be ((-321)/24 - -13) + 59/8. Let s(l) = 40*l - 100. Let q be s(w). Calculate the greatest common divisor of q and 36.
36
Let u be (108/24)/(1/6). What is the highest common factor of u and 45?
9
Suppose 3780 = -148*w + 158*w. Let c = 29 - -13. Calculate the greatest common divisor of w and c.
42
Let t = 302 + -260. Let w be ((-93)/24)/(t/(-336)). Calculate the highest common divisor of 217 and w.
31
Let z be -525*(-72)/(-162)*9*(-12)/8. What is the greatest common divisor of z and 14?
14
Let h be 2/(-7) + 984/14. Suppose 12*a - h = 7*a. Let o(l) = l**3 - 14*l**2 + l. Let u be o(a). What is the greatest common factor of 35 and u?
7
Let q be -20*(75/30 + -5). Calculate the greatest common factor of 1775 and q.
25
Let z be 2/(-6) + 55/3. Let p = -63 - -508. Let q = p - 247. What is the greatest common divisor of q and z?
18
Let a be (-1)/(-2)*2 - 1/1. Suppose 4*d + 1 - 73 = a. What is the greatest common divisor of 102 and d?
6
Let t(z) be the third derivative of 5*z**4/2 - 175*z**3/6 - 25*z**2. Let f be t(7). What is the greatest common divisor of f and 70?
35
Let y = 2034 - 33. Calculate the greatest common divisor of 69 and y.
69
Suppose -2*s + 4*h + 434 = 0, -6*s - 784 = -10*s - 4*h. What is the greatest common factor of 116 and s?
29
Suppose 4326 = 27*s - 13*s. Suppose s = 10*y - 41. What is the highest common divisor of 595 and y?
35
Let y be (-24 + 21 + -5)*-274. Calculate the greatest common divisor of 128 and y.
16
Let t be (6/(-5))/((-74)/26455). Calculate the highest common divisor of 468 and t.
39
Suppose 97*m = 98*m - 2. Suppose -5*y + 757 = b - 222, 0 = m*y - b - 386. Calculate the highest common factor of 39 and y.
39
Let k(g) = -g**3 - 20*g**2 + 41*g - 42. Let h be k(-22). What is the greatest common divisor of h and 752?
8
Let s(l) = -4*l**2 + 9*l + 4. Let u be s(3). Let i be 9 - (1 + 4 + u). Calculate the greatest common factor of i and 27.
9
Let j(w) = 8*w + 21. Let s be j(20). Let b = -156 + s. Suppose x + 0*x = 100. What is the highest common divisor of x and b?
25
Let w(k) = -20*k**3 - 66*k**2 + 53*k + 3. Let j be w(-4). What is the highest common divisor of j and 23565?
15
Let j(k) = 5*k**3 - 16*k**2 + 19*k - 84. Let w be j(5). Calculate the highest common factor of 6962 and w.
118
Suppose 26*t - 205*t = -1611. What is the highest common factor of t and 177?
3
Let n(r) be the third derivative of r**5/12 - 7*r**4/12 - 23*r**3/6 - 44*r**2 - r. Let i be n(-2). What is the greatest common divisor of i and 35?
5
Suppose -2*s - 2*u = -5*u - 33, 5*u = -2*s + 73. Let g(w) = 34*w + 13. Let h be g(8). Suppose -h = -5*y + 75. Calculate the greatest common divisor of s and y.
24
Let l = 220 - 204. Suppose 43 = 2*i + 3*w - 33, -4*w + l = 0. What is the greatest common divisor of 80 and i?
16
Let m = -453 + 651. Suppose -5*a = -8*a + m. Suppose -67*n + a*n = -105. Calculate the greatest common factor of n and 21.
21
Let b(n) = -38*n + 7. Let z be b(-6). Suppose -185 - z = -5*w. Let q(k) = k**2 - 12*k - 64. Let r be q(-5). What is the highest common divisor of w and r?
21
Suppose 0 = -d + 28*y - 25*y + 10, 4*d - 3*y = 58. Let h(c) = c**2 - 4*c - 22. Let s be h(d). What is the greatest common divisor of s and 50?
10
Suppose -p + 3*k + 24 = 0, 2*k + 9 = 3*p - 77. Suppose v - 33*s - 46 = -35*s, v - 4*s - 52 = 0. What is the highest common factor of p and v?
6
Let a(s) = -s**3 - 6*s**2 + 15*s - 12. Let w be a(-8). Let q be ((1 - 99) + 3 + -5)*w. Calculate the greatest common factor of 32 and q.
16
Let j(t) = -10*t**2 + 6*t - 8. Let i be j(3). Suppose 231 = -8*a + 1423. Let s = i + a. Calculate the greatest common divisor of 92 and s.
23
Suppose 0 = -19*r + 53 - 15. Suppose 7*p - 3*f - 72 = 5*p, -4*p + 128 = r*f. What is the highest common factor of 33 and p?
33
Suppose -10*r + x + 292 = 0, 3*r - 24 = -271*x + 266*x. Suppose -2*i + 40 = -0*i. What is the highest common factor of r and i?
4
Let z(o) = -5*o**3 - 4*o**2 - 9*o - 10. Let a be z(-3). Suppose 0*d = 2*d - a. Calculate the greatest common divisor of d and 348.
58
Let c be (-42)/91 - 25296/(-221). What is the highest common divisor of c and 646?
38
Suppose -2*z - 2 = 0, 3*k = -z - 772 - 198. Let m = k + 347. Calculate the greatest common divisor of m and 96.
24
Suppose 84*i - 87*i = -282*i + 23436. What is the greatest common factor of 1752 and i?
12
Let x(k) = -28876*k**2 + 0 - 4 - 109*k + 28903*k**2. Let y be x(5). Calculate the greatest common divisor of 154 and y.
14
Let u(l) = -3*l**3 - 44*l**2 + 20*l + 74. Let q be u(-16). What is the highest common factor of 2 and q?
2
Let z(j) = -j**2 - 17*j - 50. Let r be z(-13). Suppose -r*x + 17 = -1. Calculate the highest common divisor of 72 and x.
9
Let r(y) = -53*y + 118. Let u be r(6). Let q = -193 - u. Calculate the highest common factor of 49 and q.
7
Let l(x) = -13*x + 7. Let m be l(-17). Suppose -5*r - m = -53. Let j be -40*(r/20 + 1). Calculate the greatest common divisor of 120 and j.
30
Suppose -38*l = -2212 + 616. Calculate the highest common divisor of l and 11634.
42
Let m be 2/(0 - (-2)/11). Let i = -31 + 29. Let y be 1/(0 - i/22). What is the greatest common factor of y and m?
11
Suppose 0 = b - 2*v - 77, 5*b - 116 = -8*v + 197. Let i(d) = -8*d + 6. Let g be i(-5). What is the highest common factor of b and g?
23
Let u(o) = 5*o**2 + 5*o + 5. Suppose -5*k + 4*k + 5*y + 19 = 0, 2*k - 2*y = 6. Let h be u(k). What is the greatest common divisor of 7 and h?
1
Let k = 1634 + -645. Calculate the greatest common factor of 115 and k.
23
Let v be -4 + 918 + 2 - (7 + -6). Let d = v - 651. Calculate the highest common divisor of d and 33.
33
Suppose 4*r = -4*g + 63 + 81, -4*r - 216 = -5*g. Calculate the highest common factor of 2264 and g.
8
Suppose 109 + 35 = 6*w. Let n = 16 - -16. Suppose 0 = -7*m + 9*m - n. What is the greatest common factor of m and w?
8
Let i(u) = 66*u**2 - u + 1. Let k be i(1). Let z = -7327 - -7481. What is the greatest common divisor of k and z?
22
Suppose 27*k - 641 - 115 = 0. Calculate the highest common divisor of 3983 and k.
7
Let c = -2066 - -2076. What is the highest common divisor of 18 and c?
2
Let y = -119 - -120. Suppose j = y, 3*j - 46 = -l - 8. What is the greatest common divisor of l and 70?
35
Let g be 26*148/64 + (2 - (-51)/(-24)). Calculate the greatest common divisor of 3105 and g.
15
Let t be ((-264)/(-308)*-14)/((-2)/77). What is the highest common divisor of 2982 and t?
42
Let o be (1 - (6 + -4))*(-1 - -8). Let j be ((-3720)/(-434))/((-1)/o). What is the highest common factor of 1680 and j?
60
Let z be (4/6)/(1/93). Let j = -59 + z. Suppose -5*w - 20 = 0, 0 = -j*i + 3*w + 157 - 37. What is the highest common factor of i and 24?
12
Suppose -44*d + 41*d = -3, -4*d = p - 2238. Suppose -p*u = -2235*u + 28. Calculate the highest common factor of u and 112.
28
Let y be -3 + (-39)/(-12) + 621/12. Let b be (-9 + 1)*15/(-10). Let c(l) = -l**2 + 12*l + 13. Let v be c(b). Calculate the highest common factor of y and v.
13
Suppose 901 + 1115 = 126*x. Calculate the greatest common factor of 22 and x.
2
Let j be (-18)/(-8) - 14/(-8). Let i be -2*(-1 - (-786)/18)*-3. What is the highest common divisor of j and i?
4
Suppose 2*h = 5*x - 901, 623*x - 627*x - 3*h + 730 = 0. Calculate the greatest common factor of x and 5973.
181
Suppose -1465 - 511 = -4*p. Calculate the greatest common divisor of p and 228.
38
Let m(y) = 9*y**3 + 3*y**2 + 8*y - 32. Let g be m(4). Calculate the greatest common divisor of 377 and g.
13
Suppose -7*q = 29*q - 27432. Let v = -748 + q. What is the greatest common divisor of 287 and v?
7
Let t(q) = -q**3 - 3*q + 2. Let k be t(2). Let d be (5 - 1) + -6 + k. Let s = d + 18. Calculate the highest common divisor of 28 and s.
4
Let q = 2846 + -2827. Calculate the highest common divisor of q and 2071.
19
Suppose -5*k + 30 = -2*j, k - 3*k + 5*j = -33. Let r = -15 - -72. Suppose 2*